of o?
False
Suppose 0 = u + 19 - 31. Let t = 20 + u. Is 4 a factor of t?
True
Suppose -3*m = 0, 5*v - 8*m - 5545 = -6*m. Is v a multiple of 118?
False
Let g be 96/(-3 - (-8 - -4)). Is 4 a factor of 19*(-5)/(-2)*g/80?
False
Let k = -1387 + 2486. Is 23 a factor of k?
False
Let f = -36 - -26. Does 8 divide 2/f - 605/(-25)?
True
Let y(s) = s**3 - 6*s**2 + 8*s - 3. Let c be 1*15*(-4)/(-12). Let b be y(c). Is 34 + 0 - b/6 a multiple of 16?
True
Let k(x) = x**3 - 43*x**2 - 82*x + 144. Is 18 a factor of k(45)?
True
Suppose -5*j - 2*n + 83 = -6*n, -4*j + 2*n = -70. Suppose 8*o = 15*o - 497. Let w = o - j. Does 21 divide w?
False
Is 7 a factor of (-33 - -32)*(-193)/1?
False
Let x be ((-12)/16*54)/((-2)/4). Suppose 0 = -78*i + x*i - 270. Does 6 divide i?
True
Suppose 3*j + 4*j - 896 = 0. Let m = j - 51. Suppose 6*g = -g + m. Is 3 a factor of g?
False
Suppose 0 = -2*w, 2*l - 5*w + 11 = 3. Let t(s) = -3*s**3 - 3*s**2 - 7*s - 8. Is 41 a factor of t(l)?
True
Let u = 1201 + -424. Is 85 a factor of u?
False
Let y = 326 + -279. Does 3 divide y?
False
Let d = 25 - 19. Let o = d + -2. Suppose -o*a + 134 = -186. Is a a multiple of 22?
False
Suppose -k = -2*k - 2, -3*n + 1597 = k. Suppose 0 = -8*a - 5*a + n. Is a a multiple of 7?
False
Is 5766/4*-3*(-6)/9 a multiple of 93?
True
Let u = -8 - -13. Suppose -3*o + 51 = -5*q, 2*o = o + u*q + 27. Let m(h) = h**3 - 11*h**2 - 9*h. Is 12 a factor of m(o)?
True
Let s(u) be the third derivative of 0*u + 2/3*u**3 + 0 + u**2 - 1/3*u**4. Is s(-5) a multiple of 14?
False
Let a = 100 + -88. Is 17 a factor of a/10*(-5 + (-380)/(-8))?
True
Does 27 divide 64/(-20) + 3 + 1626/30?
True
Suppose -4*n - 1042 = n - 2*k, 3*n = 3*k - 627. Let j = -116 - n. Is j a multiple of 13?
False
Suppose -4*p + 29 = -55. Suppose -3*k + 4*k - 5*q = -p, -2*k - 4*q = -28. Is 14 a factor of -4 - (1*-296)/k?
True
Let x(p) = 93*p**3 + p**2 - p. Suppose -a - 2 + 3 = 0. Is x(a) a multiple of 12?
False
Let n(q) = 13*q**2 + q - 5. Suppose 0 = 6*z - 2*z - 8. Does 15 divide n(z)?
False
Let p be 1/(4/(-12)) - (-6)/2. Suppose 5 = -4*b + 1, p = 3*u + 5*b - 166. Is u a multiple of 25?
False
Let u(w) = 4*w**2 + 6*w + 3. Let v be ((-5)/(-10))/(-3 + (-37)/(-12)). Does 26 divide u(v)?
False
Suppose -1 + 2 = -2*s + 3*r, 3*r = -4*s + 25. Suppose -s*x - 167 - 197 = 0. Let o = -55 - x. Is 11 a factor of o?
False
Let t be -13 + 15/(-3 + 8). Let c = 41 + t. Is c a multiple of 15?
False
Let v be ((-3)/(-2))/((-1)/(-12)). Let x be 12/54 + 932/v. Let y = -35 + x. Does 3 divide y?
False
Let v(g) = -g**3 - 6*g**2 - 4*g + 5. Let m = -42 + 36. Is v(m) a multiple of 21?
False
Suppose 3*m - 2*m = 26. Let w be 31/11 + 4/22. Suppose -m = w*c - 4*c. Is 26 a factor of c?
True
Let b(p) = -p**3 - 5*p**2 + 14*p + 45. Is 34 a factor of b(-11)?
False
Suppose 0 = -x + 3*x - 12. Let n be ((-4)/x)/((-8)/(-36)). Let p(a) = -17*a - 7. Is 11 a factor of p(n)?
True
Let j(k) = -5*k**3 + 3*k**2 + 16*k + 26. Is j(-3) a multiple of 4?
True
Let i = -135 - -261. Does 14 divide i?
True
Let r be (2 - 2)/(6/(-6)). Suppose 2*u = -r*u + 350. Suppose -16*z = -21*z + u. Does 14 divide z?
False
Suppose 2*f = 7 - 1. Suppose -10 - 18 = -4*u. Suppose -u = 2*h - f*h. Is 2 a factor of h?
False
Let q(d) = 140*d**2 + 1. Suppose 5*u = -3*k + 7, k + 2*u - 5 = -2. Let r be q(k). Suppose 2*j + j = r. Does 24 divide j?
False
Let i(b) = b**2 - b - 56. Does 8 divide i(16)?
True
Let u(w) be the second derivative of -w**6/120 - 7*w**5/30 + 3*w**3/2 - 7*w**2/2 + 4*w. Let j(d) be the first derivative of u(d). Does 3 divide j(-14)?
True
Suppose 0*o - j - 2019 = -2*o, 0 = 4*o - j - 4043. Is o a multiple of 11?
True
Suppose -c = -4*c + 234. Suppose 30 = 3*q - c. Does 9 divide q?
True
Let z be 12/(-3) - -39 - 0. Let c = 3 + z. Is c a multiple of 15?
False
Let r(g) = g**3 - 10*g**2 - 9*g - 21. Let q be r(11). Does 14 divide (-246)/(-18)*3 + 0 + q?
True
Let i = -409 - -421. Is i a multiple of 3?
True
Let j(u) = 11*u + 1. Suppose 8 = -0*n + 2*n. Does 21 divide j(n)?
False
Let q(o) be the first derivative of o**3/3 + o**2 - 5*o - 7. Let t(x) be the first derivative of q(x). Is t(16) a multiple of 7?
False
Suppose 492*m = 487*m + 1040. Does 30 divide m?
False
Let j(c) = c**3 + 5*c**2 - 2*c - 2. Let q be j(-5). Let l = q - 5. Suppose 185 = 4*x + 5*n, 0 = -2*x - l*n - 11 + 102. Is 15 a factor of x?
False
Suppose 10 = -2*r, 9*j - 2*r = 4*j + 3465. Is j a multiple of 38?
False
Let u = 35 - 52. Let n(s) = s**2 + 17*s + 12. Is 6 a factor of n(u)?
True
Suppose -4*n - 4*u = -1884, -3*u = -3*n - 7*u + 1415. Is n a multiple of 3?
False
Let r(p) be the third derivative of -p**6/120 + p**5/12 + 3*p**4/8 + p**3/3 + 16*p**2. Does 30 divide r(5)?
False
Let q(l) = -l**3 + l**2 - l. Let m be q(1). Let j(v) = -3*v. Let n be j(m). Suppose -n*g = -x - 36, 8 + 32 = 5*g + 5*x. Is g a multiple of 7?
False
Suppose -l + 4*l - 1656 = 0. Suppose -3*m - 276 = -2*v, v - m + l = 5*v. Does 46 divide v?
True
Let i(v) = -v**3 - 3*v**2 + 9*v - 5. Let d be i(-5). Suppose 2*w - 4*o - 416 = -2*w, -3*o - 12 = d. Is 22 a factor of w?
False
Suppose -10*a + 2730 = 530. Is 20 a factor of a?
True
Let z = -1806 + 2598. Does 12 divide z?
True
Let q(k) = -k**3 + 15*k**2 + 2*k - 10. Let h(z) = z**2 - 4*z + 15. Suppose 5*r = 4*r + 4. Let p be h(r). Is q(p) a multiple of 20?
True
Let x be 1*-9 + 9 + -9. Let u(p) = -7*p - 39. Does 8 divide u(x)?
True
Let p(f) = -2*f**2 - 18*f + 6*f**2 + 19*f - 4 - f**3. Let y be p(4). Suppose 5*k + 5 = y, -t - 2*k = 24 - 109. Is 29 a factor of t?
True
Suppose -5*c + 0*a + 4*a = -3732, -a = 5*c - 3742. Is c a multiple of 34?
True
Let f be (-48)/2*(-2)/4. Suppose -f*u = -7*u - 600. Is 15 a factor of u?
True
Let u = -11 + 16. Suppose -y + 24 = -3*s + 8, u*y = -s + 32. Is 7 a factor of y?
True
Suppose s - c - 25 = 0, -c + 79 = 4*s - s. Let r = s - 6. Does 3 divide r?
False
Let z(g) = -9*g - 5. Suppose -3*q - 5*l - 29 = 0, -41 = 5*q - 0*l + l. Let k = q + 3. Is z(k) a multiple of 27?
False
Let m be ((-2)/6)/(1/(-12)). Suppose 0*h = 2*q - h - 135, 4*h = -m*q + 276. Is q a multiple of 17?
True
Let s = 210 - -923. Does 7 divide s?
False
Suppose -3*n + 4*n = 0. Suppose -l + 2*z + n*z = -42, 0 = -4*z. Let r = 54 + l. Does 32 divide r?
True
Let m = 0 + 8. Let n(l) = 8*l**2 - l + 4*l - l**3 - 2*l + 0*l**3. Does 8 divide n(m)?
True
Let l(h) = h**2 + 2*h - 81. Is 3 a factor of l(-14)?
True
Suppose 0 = 3*w - 116 - 73. Suppose -2*z = -w - 231. Is 14 a factor of z?
False
Let i be (4 + (-5)/2)*2. Is -3 - 3*(3 - 43/i) a multiple of 7?
False
Let p = 983 - 521. Is p a multiple of 21?
True
Suppose -19*m - 54 = -130. Suppose -4*q - 616 = -4*x, -157 - 466 = -m*x - 3*q. Does 46 divide x?
False
Let u = 554 - -190. Does 31 divide u?
True
Let s = -815 + 1926. Does 80 divide s?
False
Suppose -13*p = -33*p + 1180. Is p a multiple of 36?
False
Suppose 2*w - 2*h - 36 = 0, 3*h = 2*w - 0*h - 34. Suppose -a + o + w = 0, -3*a + 5*a - 10 = -4*o. Let y = 5 + a. Is 4 a factor of y?
True
Let a = 7 - 4. Suppose -q - 26 = -a*q. Let y = q - -3. Is 8 a factor of y?
True
Let d(k) = 3*k**3 + 4*k + 1 - 2*k**3 + 804*k**2 - 792*k**2. Is 18 a factor of d(-11)?
False
Suppose -9 = -7*z + 10*z, 4*z + 801 = 3*j. Is j a multiple of 10?
False
Suppose 0 = -8*f + 10*f - 6. Let i be ((f - 3)/1)/3. Suppose i*v - 20 = -4*v. Is v a multiple of 5?
True
Let l = -2407 - -3673. Is l a multiple of 6?
True
Suppose 3*k + 5*m - 575 = -114, -k - 5*m = -167. Let b(s) = -s**3 + 11*s**2 + 7*s + 5. Let n be b(9). Let a = n - k. Is a a multiple of 23?
False
Let m(u) = 4*u + 67. Let p be m(23). Suppose -2*k = -4*d - 296 - 34, 0 = -k + 5*d + p. Is k a multiple of 19?
False
Let o = 1 + -1. Let i(h) = -5*h - 106. Let r be i(-26). Suppose z - r = -o*z. Does 8 divide z?
True
Let c = -305 + 709. Suppose -4*u + c + 88 = 0. Is u a multiple of 41?
True
Is (0 - 3)/(-3 - -4) - -64 a multiple of 3?
False
Suppose 2*r + r = 4*j + 273, 2*r + 5*j - 159 = 0. Suppose -2*d - d = -r. Is d a multiple of 6?
False
Suppose 223 + 230 = 3*k. Let z = k - 51. Is z a multiple of 27?
False
Let j be 12*8/(-6) + 3. Let t = j - -44. Suppose 0 = -3*h + 77 + t. Does 8 divide h?
False
Is 9 a factor of (-4)/6 + (-35169)/(-171)?
False
Is 14 a factor of 32/112 + 94/14 + 79?
False
Suppose 1433 = z - 4*u - 790, 3*u - 8892 = -4*z. Does 9 divide z?
True
Suppose 5*d = 5*x 